{"id":443,"date":"2013-06-11T20:10:23","date_gmt":"2013-06-11T20:10:23","guid":{"rendered":"https:\/\/www.lanci.uqam.ca\/?page_id=443"},"modified":"2015-01-15T05:27:54","modified_gmt":"2015-01-15T05:27:54","slug":"latao","status":"publish","type":"page","link":"https:\/\/www.lanci.uqam.ca\/index.php\/groupes-de-recherche\/latao\/","title":{"rendered":"LATAO"},"content":{"rendered":"<div id=\"groupeLatao\"><b>Lecture et Analyse de Textes Assist\u00e9s par Ordinateur (LATAO)<\/b><\/div>\n<div><b><br \/>\nJean-Guy Meunier<\/b><br \/>\n<a href=\"mailto:meunier.jean-guy@uqam.ca\">meunier.jean-guy@uqam.ca<\/a><\/div>\n<h4>Liste des projets LATAO<\/h4>\n<div>\n<ul>\n<li>2012-2017: <a href=\"?page_id=537\">Le forage conceptuel de textes assist\u00e9 par ordinateur (LATAO)<\/a><\/li>\n<li>2008-2012: <a href=\"?page_id=677\">Lecture et analyse conceptuelle de textes assist\u00e9es par ordinateur (LATAO)<\/a><\/li>\n<li>2007-2008: <a href=\"?page_id=679\">Les textes, les documents visuels, le son et la technologie (LATAO)<\/a><\/li>\n<li>2005-2008: <a href=\"?page_id=681\">Cat\u00e9gorisation et analyse th\u00e9matique de documents textuels (LATAO)<\/a><\/li>\n<li>2000-2001: <a href=\"?page_id=683\">Forage de texte, cat\u00e9gorisation et analyse de contenu (LATAO)<\/a><\/li>\n<\/ul>\n<\/div>\n","protected":false},"excerpt":{"rendered":"<p>Lecture et Analyse de Textes Assist\u00e9s par Ordinateur (LATAO) Jean-Guy Meunier meunier.jean-guy@uqam.ca Liste des projets LATAO 2012-2017: Le forage conceptuel de textes assist\u00e9 par ordinateur (LATAO) 2008-2012: Lecture et analyse conceptuelle de textes assist\u00e9es par ordinateur (LATAO) 2007-2008: Les textes, les documents visuels, le son et la technologie (LATAO) 2005-2008: Cat\u00e9gorisation et analyse th\u00e9matique de&hellip;<\/p>\n","protected":false},"author":2,"featured_media":0,"parent":48,"menu_order":0,"comment_status":"closed","ping_status":"open","template":"","meta":{"footnotes":""},"class_list":["post-443","page","type-page","status-publish","hentry"],"_links":{"self":[{"href":"https:\/\/www.lanci.uqam.ca\/index.php\/wp-json\/wp\/v2\/pages\/443","targetHints":{"allow":["GET"]}}],"collection":[{"href":"https:\/\/www.lanci.uqam.ca\/index.php\/wp-json\/wp\/v2\/pages"}],"about":[{"href":"https:\/\/www.lanci.uqam.ca\/index.php\/wp-json\/wp\/v2\/types\/page"}],"author":[{"embeddable":true,"href":"https:\/\/www.lanci.uqam.ca\/index.php\/wp-json\/wp\/v2\/users\/2"}],"replies":[{"embeddable":true,"href":"https:\/\/www.lanci.uqam.ca\/index.php\/wp-json\/wp\/v2\/comments?post=443"}],"version-history":[{"count":15,"href":"https:\/\/www.lanci.uqam.ca\/index.php\/wp-json\/wp\/v2\/pages\/443\/revisions"}],"predecessor-version":[{"id":1186,"href":"https:\/\/www.lanci.uqam.ca\/index.php\/wp-json\/wp\/v2\/pages\/443\/revisions\/1186"}],"up":[{"embeddable":true,"href":"https:\/\/www.lanci.uqam.ca\/index.php\/wp-json\/wp\/v2\/pages\/48"}],"wp:attachment":[{"href":"https:\/\/www.lanci.uqam.ca\/index.php\/wp-json\/wp\/v2\/media?parent=443"}],"curies":[{"name":"wp","href":"https:\/\/api.w.org\/{rel}","templated":true}]}}